r when j is divided by 8?
5
Let y(j) = 19*j**2 + 14*j - 95. Calculate the remainder when y(7) is divided by 104.
102
Let d be 4/6*(-12)/(-8)*12. Suppose -5*y - 2*i + 26 = 6, 4*i - d = -3*y. Calculate the remainder when 35 is divided by y.
3
Let i = 54 - 57. Calculate the remainder when 125 is divided by (-7)/(-1 + (-2)/i).
20
Let s(z) = 3*z**2 + 12*z - 6. Let v be s(-17). Suppose -q + 3*i = 4*q - v, 3*q + 2*i - 379 = 0. What is the remainder when q is divided by 26?
25
Let p = 35 - 20. Suppose -5*z = -p - 15. Suppose -z*n + n = -25. Calculate the remainder when n is divided by 3.
2
Let b = -167 - -273. Let j = b + -57. Calculate the remainder when j is divided by 17.
15
Suppose -5*y = l + 11, 3*l + 4*y - 43 = 8*y. Let f = -142 + 256. What is the remainder when f is divided by l?
6
Let t be (2 + -4)/(4/(-382)). Let c = -5 + t. What is the remainder when ((-11)/(-33))/(2/c) is divided by 11?
9
Suppose 0 = -3*y, -5*y - 19 = -37*p + 36*p. Calculate the remainder when p is divided by 6.
1
Let j = 17 + -15. Suppose z + 10 = j*b + 2*b, -z + 5*b - 15 = 0. What is the remainder when 37 is divided by z?
7
Let d be 24/(-20)*-5*1. What is the remainder when d/9 - (-367)/3 is divided by 43?
37
Calculate the remainder when (-11 - 735/(-75))*(-3740)/6 is divided by 107.
106
Suppose -3*h + 142 = -2*a, h - 5*a = 2*h - 70. Suppose -4*t + 0*r = 5*r - 118, 5*t - 5*r = 125. Calculate the remainder when h is divided by t.
23
Let l = -584 - -604. Calculate the remainder when 92 is divided by l.
12
Let g be 256/14 + 2/(-7). Suppose -g*n = -15*n. Let z = 6 + n. Calculate the remainder when z is divided by 4.
2
Suppose 0*w = 2*w. Suppose w = -b + 46 + 39. Calculate the remainder when b is divided by 22.
19
Let c = -7 + 13. Suppose -15 + c = -b. What is the remainder when b is divided by ((27/(-6))/3)/((-6)/16)?
1
Let z(o) = -o**2 + 9*o - 7. Let n = 69 + -66. Calculate the remainder when 21 is divided by z(n).
10
Let c = 16 + -13. Suppose -4*n = -3*m + 5, -c*n - 18 = -4*m - 2. Suppose -m*i - 35 = -12*i. Calculate the remainder when i is divided by 2.
1
Suppose 35*g - 53 = 34*g. Calculate the remainder when 61 is divided by g.
8
Let i(r) = -r - 7. Let a be i(-14). Suppose 0 = -5*d + 8 + a. Suppose 5*o = -5 - 10, -3*o + 9 = d*n. Calculate the remainder when n is divided by 4.
2
Let o(l) be the second derivative of -l**5/20 - 17*l**4/12 - 3*l**3 + 13*l**2/2 - 9*l. What is the remainder when o(-16) is divided by 2/4 - (-90)/4?
22
Let s = -59 - -106. Let x = -23 - -36. Let d(o) = -o**3 + 13*o**2 + 2*o - 1. Calculate the remainder when s is divided by d(x).
22
Let x(l) = 10*l**2 - 31*l - 108. Calculate the remainder when x(-4) is divided by 90.
86
Let w be 6/(-10) + 33/5. Let z = w - -17. Let m = -14 + 26. Calculate the remainder when z is divided by m.
11
Let p(x) = -13*x + 290. Calculate the remainder when 272 is divided by p(15).
82
Let l(t) = -4*t + 72. Let i(x) = 2*x**2 + 6*x + 2. Calculate the remainder when l(11) is divided by i(-4).
8
Suppose 72 = -29*p + 38*p. What is the remainder when 39 is divided by p?
7
Let b(d) = d - 9. Let v be b(9). Suppose v = -0*f + f - 31. Let l = -49 + 66. Calculate the remainder when f is divided by l.
14
Calculate the remainder when 89 is divided by (21/(-28))/(-2 + 746/376).
42
Suppose u - 15 = 6*u. Suppose -10*n = 10 - 280. Calculate the remainder when (u - -15)/(6/40) is divided by n.
26
Suppose -525 = -3*x + 546. Calculate the remainder when x is divided by 28.
21
Suppose 2*w + 62 = 4*i, -i - 4*w - 22 = -3*i. What is the remainder when 589/5 - 53/(-265) is divided by i?
16
Let y(h) = h**3 - 12*h**2 + 14*h - 20. Calculate the remainder when y(11) is divided by 5.
3
Let n = 24 + -13. Suppose -n + 2 = -3*c - 4*g, 0 = -c - 4*g - 5. What is the remainder when 26 is divided by c?
5
Let m = -841 - -867. Calculate the remainder when 228 is divided by m.
20
Suppose -8*h - 627 + 691 = 0. What is the remainder when 41 is divided by h?
1
Let d = -92 - -133. Suppose 2*g - 31 = -4*w + 7, -4*w - 5*g = -d. Let b(a) = 33*a**2. Calculate the remainder when b(1) is divided by w.
6
Let r = -12 + 8. Let g be (-75 + 3)/(-4) + r. Suppose -g = 3*f - 89. What is the remainder when f is divided by 14?
11
Let c(h) = h**3 + 5*h**2 + h + 12. Calculate the remainder when 54/(-4)*(4/2 + -4) is divided by c(-5).
6
Let t = 404 - 271. Suppose -2*q = 4*x - 172, 4*q - t - 221 = 2*x. Calculate the remainder when q is divided by 23.
19
Let y(a) = a**2 + 14*a - 22. Let t be y(-16). Suppose -3*v = -3*s - 0*v - 6, 0 = -3*s + 4*v - t. What is the remainder when 9 is divided by s?
1
Let x = -1000 - -1027. Calculate the remainder when 835 is divided by x.
25
Let i(g) = -11*g**2 + 90*g - 7. What is the remainder when 17 is divided by i(8)?
8
Suppose 2*l + 4*f - 27 - 31 = 0, 3*l - 71 = 2*f. What is the remainder when 148 is divided by l?
23
Suppose 4*z + 4*f - 7*f - 9 = 0, -f = 3. Let i(w) = -w + 10. Calculate the remainder when i(z) is divided by 7.
3
Let b(s) = s**3 - 9*s**2 + s - 5. Let x be b(9). Suppose -4*g + 0 - x = 0. Calculate the remainder when 44 is divided by (17 + -16)/(g/(-9)).
8
Let t(w) = 35*w - 64. Calculate the remainder when t(4) is divided by 41.
35
Let h = 738 + -615. What is the remainder when 1597 is divided by h?
121
Let p(l) = l**2 + 15*l + 25. Let h be p(-12). Let j(u) = 2*u**2 + 17*u + 10. Calculate the remainder when j(h) is divided by 11.
10
Suppose 113*x - 20*x + 58*x - 8909 = 0. Suppose 4*h - 57 = 3*p, -7*p = -2*p + 15. Let g = h - -8. What is the remainder when x is divided by g?
19
Let s(u) = -2*u - 1. Suppose 0 = g - 7 - 6. Suppose -5*o - g = 37. What is the remainder when s(o) is divided by 10?
9
Let i(h) = -h**3 + 2*h**2 - 3*h - 3. Calculate the remainder when i(-2) is divided by (-2 - 20)*(-3)/6.
8
Suppose 3*v = r - 3*r - 80, -4*r + v - 132 = 0. Let d = -17 - r. Let w(a) = 17*a - 376. Calculate the remainder when w(25) is divided by d.
15
Suppose -2*n = 2, -162 = 4*b - 0*b - 2*n. Let r = 59 + b. What is the remainder when r is divided by 3*(12/66 - 882/(-594))?
3
Suppose -49*y + 45*y = -344. Suppose -27*w = -25*w - y. Calculate the remainder when w is divided by 15.
13
Let r(b) = -4*b + 45. Let v(c) = -c + 1. Let q(l) = r(l) - 5*v(l). What is the remainder when q(-18) is divided by 12?
10
Let f = 15 - 13. Suppose 0 = -2*s + 4*g - g + 3, 2 = -f*g. Suppose -4*x + s*a + 49 = a, 2*x - 35 = 3*a. Calculate the remainder when 36 is divided by x.
10
Let t = 52 - 36. Let q(i) = i**3 - 2*i**2 - 1. Let n = -2 - -6. Calculate the remainder when q(n) is divided by t.
15
Suppose 0 = 3*n - w - 131, 2*w + 28 + 54 = 2*n. Calculate the remainder when n is divided by 5.
0
Suppose -10*h - 13*h + 713 = 0. What is the remainder when (0 - 0 - 58)*-1 is divided by h?
27
Let i(k) = -3*k**3 + 3*k**2 + 11*k + 10. Let v be i(-3). Let t = -71 + v. What is the remainder when 82 is divided by t?
12
Suppose 0 = -15*l + 143 + 82. What is the remainder when 43 is divided by l?
13
What is the remainder when 136 is divided by (4 + 1 + 1)*30/9?
16
Suppose -4*b - 4*s = 52, 36 = -b - b - 4*s. Let k(d) = -7*d - 30. What is the remainder when 257 is divided by k(b)?
23
Suppose 0 = -3*p - 0*b + 2*b - 1, -2*b + 13 = p. Suppose 0 = -p*d + 2*d + 49. Calculate the remainder when d is divided by (-2)/13 + 1115/65.
15
Let v(m) = m**3 - m**2 + m + 2. Let k(i) = i + 7. Let s be k(-3). What is the remainder when v(s) is divided by 1/(-2)*(-8 + -20)?
12
Suppose 4*h = m + 4*m + 37, -4*m + 20 = 3*h. Calculate the remainder when 22 is divided by h.
6
What is the remainder when 5*5 - (23 - 23) is divided by 16?
9
Let u(i) = 4*i + 10. What is the remainder when u(19) is divided by 31?
24
Calculate the remainder when 237 is divided by ((-4)/4 + 3/9)*-123.
73
Let c = -378 + 646. Calculate the remainder when c is divided by 18.
16
Let l(r) = -r**3 + 6*r**2 - 4*r - 4. Calculate the remainder when 237 is divided by l(4).
9
Suppose -3*n + 4*p + 32 = 0, -8 = 5*n - 2*p - 38. What is the remainder when 73 is divided by n + 62/4 + 1/2?
13
Suppose -1168 = -5*d + 77. Suppose -15*u = -d - 36. Calculate the remainder when 92 is divided by u.
16
Suppose 3 = -3*r - 2*b - b, 5*b + 13 = -3*r. Let z(c) = 33*c + 54. What is the remainder when z(-1) is divided by r?
1
Let q = -72 + 102. Suppose 2*n + 40 = s - q, 